e o(194).
-171
Let p(s) = -2*s**3 + 11*s**2 - 332*s + 642. Calculate p(2).
6
Let z(j) = -30*j**3 + 9*j**2 - 15*j + 6. Calculate z(1).
-30
Let u(g) = -g**2 - 3*g + 201. Determine u(12).
21
Let p(k) = 169*k**3 - 3*k**2 - 5*k + 5. Calculate p(1).
166
Let i(q) = 11*q - 124. What is i(-9)?
-223
Let c(x) = -x**3 + 27*x**2 + 26*x - 300. Give c(3).
-6
Let q(p) = -2*p**2 - 22*p - 5. Calculate q(-8).
43
Let n(m) = m**3 - 41*m + 5. What is n(-6)?
35
Let u(x) = x**3 - 9*x**2 - 10*x - 8. What is u(10)?
-8
Let r(n) = 128*n**2 - 20*n - 45. Determine r(-3).
1167
Let u(y) = y**3 + 15*y**2 - 63*y - 168. Determine u(-18).
-6
Let t(n) = -19*n + 156. Give t(7).
23
Let m(u) = u**3 - 6*u**2 - 11*u - 20. What is m(7)?
-48
Let z(v) = -v**3 + 102*v**2 + 64*v - 39. Give z(-1).
0
Let l(o) = -o**2 + 19*o + 104. What is l(24)?
-16
Let t(k) = 9*k**2 - 41*k - 11. Give t(5).
9
Let a(n) = 4*n**3 - 10*n**2 - 30*n - 11. What is a(-3)?
-119
Let c(d) = -3*d**2 - 3*d + 19. What is c(-9)?
-197
Let v(p) = -p**2 + 964*p - 2880. Determine v(3).
3
Let f(m) = 2077*m - 4146. Calculate f(2).
8
Let i(v) = -v**3 - 36*v**2 - 352*v - 607. Determine i(-14).
9
Let a(m) = -15*m - 164. What is a(-12)?
16
Let a(k) = -126*k + 73. Give a(3).
-305
Let l(j) = j**3 + 11*j**2 - 48*j - 366. Calculate l(-6).
102
Let j(u) = u**2 + 88*u - 2032. Give j(19).
1
Let c(w) = 20*w**2 - 905*w + 228. Give c(45).
3
Let c(z) = z**2 - 530*z + 12667. Determine c(25).
42
Let r(w) = -w**3 - 5*w**2 - 40*w - 561. Determine r(-9).
123
Let z(f) = -f**3 + 19*f**2 - 56*f + 326. What is z(17)?
-48
Let z(f) = f**3 - 24*f**2 - 66*f - 98. Determine z(27).
307
Let m(h) = 71*h**2 - 10*h + 11. Give m(1).
72
Let a(s) = -2*s**3 - 39*s**2 + 1084*s - 32. Determine a(-35).
3
Let p(c) = 18*c**2 - 84*c - 31. Calculate p(7).
263
Let v(q) = -q**3 - 17*q**2 - 80*q - 750. What is v(-15)?
0
Let w(j) = j**2 - 92*j - 1837. What is w(-17)?
16
Let x(r) = 19*r - 419. What is x(43)?
398
Let p(o) = -o**2 - 34*o + 1638. Determine p(-61).
-9
Let w(c) = -c**3 + 47*c**2 + 44*c + 80. Calculate w(48).
-112
Let o(a) = -15*a**2 + 152*a - 26. Determine o(10).
-6
Let s(l) = -3*l**3 - 41*l**2 + 17*l + 15. Calculate s(-14).
-27
Let h(m) = 2*m**3 - 2*m**2 + 2*m + 96. What is h(0)?
96
Let b(r) = 2*r**3 + 6*r**2 - 17*r + 24. Calculate b(-8).
-480
Let t(w) = -2*w**3 - 191*w**2 - 3935*w - 135. Calculate t(-30).
15
Let v(p) = -437*p**2 - 414*p + 2. Give v(-1).
-21
Let u(p) = -148*p + 1053. What is u(7)?
17
Let y(p) = -p**3 + 5*p**2 + 20*p - 47. What is y(3)?
31
Let t(y) = -y**2 - 572*y - 1716. Give t(-3).
-9
Let t(z) = -2*z**2 + 1593*z - 6372. Give t(4).
-32
Let n(w) = w**3 + 6*w**2 - 39*w + 57. Determine n(-9).
165
Let p(t) = -18*t - 722. Determine p(-37).
-56
Let v(g) = g**3 + 116*g - 48. Determine v(0).
-48
Let h(y) = y**2 - 103*y + 2423. Give h(67).
11
Let a(l) = -3*l**2 + 188*l - 371. Calculate a(2).
-7
Let o(c) = -3*c**2 - 37*c + 187. Give o(-16).
11
Let j(r) = 23*r - 4. Determine j(-5).
-119
Let m(v) = -v**3 - 53*v**2 + 55*v + 43. Calculate m(-54).
-11
Let y(w) = -w**3 + 16*w**2 + 45*w + 34. Calculate y(18).
196
Let o(a) = -2*a**2 + 144*a + 305. Give o(74).
9
Let z(u) = u**2 - 58*u - 1872. Give z(-23).
-9
Let n(c) = -c**3 - 22*c**2 - 7*c + 34. Determine n(-22).
188
Let j(z) = -45*z**2 - 214*z - 432. What is j(-2)?
-184
Let n(f) = -f**3 - 16*f**2 + 4*f + 63. Calculate n(-16).
-1
Let r(u) = -173*u - 174. Calculate r(-1).
-1
Let h(p) = 3*p**3 - 77*p**2 + 54*p - 93. What is h(25)?
7
Let y(l) = 3*l**3 - 3*l. What is y(1)?
0
Let k(n) = 4*n**2 + 84*n + 44. Give k(-20).
-36
Let u(q) = q**2 + 29*q + 74. Calculate u(-10).
-116
Let z(r) = -r**3 - 9*r**2 - 22*r - 17. Give z(-2).
-1
Let q(b) = -b**2 + 8*b + 47. Determine q(16).
-81
Let n(h) = 127*h + 848. Calculate n(-7).
-41
Let g(i) = -36*i - 14. Determine g(-11).
382
Let x(k) = -k**2 + 43*k + 3. What is x(-6)?
-291
Let n(r) = 30*r**2 + 12*r + 16. Calculate n(-2).
112
Let k(r) = 6*r**2 - 35*r - 231. Determine k(-7).
308
Let y(d) = 6*d + 48. Determine y(-10).
-12
Let l(r) = -32*r**2 - 283*r - 14. Determine l(-7).
399
Let y(l) = 6*l**2 + 65*l + 49. What is y(-18)?
823
Let l(o) = -612*o - 1817. Calculate l(-3).
19
Let s(v) = -87*v**3 - 5*v**2 - 5*v - 2. What is s(-1)?
85
Let f(m) = 4*m**2 - 629*m + 2008. Determine f(154).
6
Let y(p) = -p**3 + 7*p**2 + 25*p + 15. Give y(10).
-35
Let s(a) = 21*a + 117. Determine s(-14).
-177
Let a(u) = 79*u**3 + 2*u**2 + 7*u + 3. Give a(-2).
-635
Let j(z) = -z**3 - 55*z**2 + 105*z. Determine j(2).
-18
Let d(n) = -77*n + 704. What is d(10)?
-66
Let l(c) = c**3 + 73*c**2 + 246*c + 7394. Determine l(-71).
10
Let o(d) = -d**3 - 37*d**2 + 198*d - 511. What is o(-42)?
-7
Let l(h) = h**2 + 96*h + 480. What is l(-5)?
25
Let s(c) = 6*c + 612. Calculate s(-85).
102
Let j(f) = f**3 + 24*f**2 + 28*f - 149. Calculate j(-22).
203
Let g(l) = 249*l - 2711. Determine g(12).
277
Let u(y) = -45*y + 101. Calculate u(0).
101
Let q(h) = 7*h**2 - 542*h - 326. Calculate q(78).
-14
Let z(f) = f**3 + 35*f**2 + 66*f - 25. Determine z(-33).
-25
Let t(w) = w**3 - w**2 + 84*w - 292. What is t(0)?
-292
Let v(k) = -k**3 - 24*k**2 - 133*k - 43. Determine v(-16).
37
Let c(w) = 45*w + 289. What is c(-4)?
109
Let l(q) = 16*q**3 - 387*q**2 + 66*q + 142. Give l(24).
-2
Let x(q) = 71*q + 71. What is x(1)?
142
Let w(j) = 4*j**3 - 30*j**2 - 23*j + 53. Give w(8).
-3
Let j(s) = 1260*s - 31502. Calculate j(25).
-2
Let m(n) = -226*n - 1368. Calculate m(-6).
-12
Let u(n) = 3*n - 535. Determine u(37).
-424
Let b(y) = -6*y**2 + y + 60. Determine b(-5).
-95
Let v(h) = 38*h + 318. What is v(-12)?
-138
Let d(r) = -r**2 - 64*r - 564. What is d(-54)?
-24
Let a(l) = l**3 + 14*l**2 + 47*l - 11. Determine a(-6).
-5
Let d(s) = 129*s + 229. Give d(-2).
-29
Let x(o) = -733*o - 2880. Determine x(-4).
52
Let a(g) = -g**3 + 9*g**2 - 9*g - 6. Determine a(7).
29
Let n(q) = -q**2 - 994*q - 20433. Give n(-21).
0
Let f(z) = -2637*z + 5281. Give f(2).
7
Let j(i) = -24*i**2 - 72*i - 228. Determine j(-3).
-228
Let m(j) = 3*j**2 - 195*j - 620. Give m(68).
-8
Let t(y) = 3*y**3 - 59*y**2 - 165*y + 239. Determine t(22).
-3
Let b(m) = 124*m - 4107. What is b(33)?
-15
Let s(m) = m**3 - 23*m**2 - 181*m + 3752. What is s(24)?
-16
Let i(b) = -515*b - 6642. Determine i(-13).
53
Let o(y) = -y**3 - 34*y**2 - 270*y - 714. Calculate o(-24).
6
Let o(g) = -22*g - 2298. Calculate o(-104).
-10
Let t(u) = -8*u - 138. Calculate t(-14).
-26
Let d(b) = b**2 - 258*b + 764. Calculate d(3).
-1
Let s(b) = -111*b + 2521. Calculate s(23).
-32
Let n(p) = 456*p + 1811. What is n(-4)?
-13
Let l(u) = 45*u - 68. Give l(2).
22
Let g(k) = 4*k**2 - 6*k - 12. Give g(-1).
-2
Let j(u) = u**2 - 2*u - 203. Determine j(-15).
52
Let j(s) = 149*s + 809. Give j(-4).
213
Let l(p) = -4690*p - 23413. Determine l(-5).
37
Let a(t) = 75*t + 531. What is a(-7)?
6
Let c(h) = -39*h + 153. Calculate c(-4).
309
Let j(b) = -100*b + 365. Calculate j(-11).
1465
Let w(n) = 287*n**2 + 1727*n + 11. What is w(-6)?
-19
Let o(z) = -5*z**2 + 88*z - 22. Give o(17).
29
Let c(l) = -696*l + 13226. Give c(19).
2
Let m(a) = a**2 + 5*a + 139. What is m(-20)?
439
Let d(n) = 41*n + 317. Calculate d(-7).
30
Let f(n) = -42*n + 215. Give f(8).
-121
Let b(d) = -d**2 - 32514*d - 195044. What is b(-6)?
4
Let d(l) = -3*l**2 + 118*l + 365. Calculate d(-3).
-16
Let q(k) = k**2 + 38*k - 167. What is q(12)?
433
Let y(t) = -147*t - 2613. Calculate y(-18).
33
Let o(y) = y - 1. What is o(-11)?
-12
Let l(d) = -65*d**3 + 3*d**2 - d - 5. What is l(-2)?
529
Let v(g) = -2098*g + 62942. What is v(30)?
2
Let a(d) = -2*d**3 + 19*d**2 - 56*d + 64. Give a(5).
9
Let n(g) = 5*g**3 + 17*g**2 + 8*g - 15. What is n(-3)?
-21
Let x(u) = 18*u**3 - 220*u**2 + 48*u - 5. Determine x(12).
-5
Let v(j) = 3*j**3 + 7*j**2 - 27*j + 24. What is v(2)?
22
Let v(k) = k**3 - 20*k**2 + 64*k - 1272. Calculate v(20).
8
Let a(n) = -n**3 + 17*n**2 - 10*n - 36. Determine a(10).
564
Let v(h) = -3*h**3 + 9*h**2 + 90*h - 333. What is v(3)?
-63
Let k(u) = -43*u - 1474. Determine k(-35).
31
Let x(f) = -25*f**3 - 100*f**2 + f + 1. Calculate x(-4).
-3
Let x(u) = -u**3 + 96*u**2 - 365*u - 273. Calculate x(92).
3
Let o(k) = 7982*k - 63862. Calculate o(8).
-6
Let v(m) = -m**2 - 7*m + 227. Give v(0).
227
Let v(d) = d**3 - 24*d**2 - 53*d + 16. Determine v(26).
-10
Let h(b) = b**3 - 13*b**2 + 61*b 